mainder when 10335755 is divided by 1148416?
11
What is the remainder when 23697720 is divided by 35?
25
What is the remainder when 2890102 is divided by 479?
295
Calculate the remainder when 1665684 is divided by 20.
4
What is the remainder when 330721 is divided by 2029?
2023
Calculate the remainder when 108933 is divided by 99.
33
What is the remainder when 155353 is divided by 173?
172
Calculate the remainder when 5804847 is divided by 11.
4
Calculate the remainder when 1020164 is divided by 290.
234
What is the remainder when 1178484 is divided by 589032?
420
What is the remainder when 36366569 is divided by 170?
169
Calculate the remainder when 1270586 is divided by 133.
37
What is the remainder when 463781 is divided by 1958?
1693
Calculate the remainder when 4704339 is divided by 1844.
295
Calculate the remainder when 4359937 is divided by 52.
49
What is the remainder when 316172 is divided by 38054?
11740
What is the remainder when 1033920 is divided by 1107?
1089
What is the remainder when 2320881 is divided by 559?
472
What is the remainder when 68506 is divided by 20731?
6313
Calculate the remainder when 5346833 is divided by 1782274.
11
What is the remainder when 199310398 is divided by 75?
73
What is the remainder when 2829685 is divided by 858?
1
Calculate the remainder when 2684086 is divided by 7.
6
Calculate the remainder when 958005 is divided by 104.
61
Calculate the remainder when 7222391 is divided by 1805568.
119
What is the remainder when 760525 is divided by 30421?
0
What is the remainder when 137638 is divided by 137638?
0
Calculate the remainder when 5169104 is divided by 64.
16
What is the remainder when 33283 is divided by 7686?
2539
What is the remainder when 1180970 is divided by 6986?
336
Calculate the remainder when 69167013 is divided by 509.
21
Calculate the remainder when 303207607 is divided by 5192.
5191
What is the remainder when 1615819 is divided by 319?
84
What is the remainder when 212248 is divided by 477?
460
Calculate the remainder when 200912 is divided by 100430.
52
What is the remainder when 196725 is divided by 98355?
15
Calculate the remainder when 296436 is divided by 8802.
5970
Calculate the remainder when 183000 is divided by 2316.
36
What is the remainder when 5687495 is divided by 27?
26
Calculate the remainder when 7740272 is divided by 43.
14
Calculate the remainder when 40697886 is divided by 154.
152
What is the remainder when 291006 is divided by 8803?
507
What is the remainder when 850188 is divided by 6?
0
Calculate the remainder when 198867 is divided by 7648.
19
What is the remainder when 16362577 is divided by 2727096?
1
What is the remainder when 580165 is divided by 1165?
1160
Calculate the remainder when 234441 is divided by 58581.
117
Calculate the remainder when 2223175 is divided by 690.
685
What is the remainder when 130119 is divided by 43145?
684
What is the remainder when 57784 is divided by 13949?
1988
Calculate the remainder when 3738510 is divided by 133517.
34
What is the remainder when 50119 is divided by 1078?
531
Calculate the remainder when 2531052 is divided by 3006.
0
Calculate the remainder when 844271 is divided by 1558.
1393
What is the remainder when 349105 is divided by 87273?
13
Calculate the remainder when 2799030 is divided by 3236.
3126
Calculate the remainder when 514441545 is divided by 175.
170
What is the remainder when 2525953 is divided by 54?
49
Calculate the remainder when 3609719 is divided by 185.
184
Calculate the remainder when 17005 is divided by 282.
85
Calculate the remainder when 32871370 is divided by 1031.
1028
Calculate the remainder when 105524 is divided by 10512.
404
Calculate the remainder when 87280 is divided by 1972.
512
Calculate the remainder when 317081 is divided by 105693.
2
Calculate the remainder when 67885 is divided by 33016.
1853
Calculate the remainder when 51536563 is divided by 141974.
1
Calculate the remainder when 81474 is divided by 2409.
1977
What is the remainder when 1360810 is divided by 68?
62
Calculate the remainder when 251037366 is divided by 9.
6
Calculate the remainder when 233788 is divided by 2829.
1810
What is the remainder when 906977 is divided by 417?
2
Calculate the remainder when 48664255 is divided by 16221415.
10
What is the remainder when 151470 is divided by 162?
0
Calculate the remainder when 5549978 is divided by 66.
38
What is the remainder when 189885 is divided by 174880?
15005
Calculate the remainder when 835006 is divided by 417474.
58
What is the remainder when 131924 is divided by 5991?
122
What is the remainder when 1012121 is divided by 63253?
73
What is the remainder when 17812154 is divided by 2121?
2117
What is the remainder when 73456383 is divided by 31?
23
What is the remainder when 372630950 is divided by 77?
76
Calculate the remainder when 1470950 is divided by 187.
8
What is the remainder when 1635699 is divided by 271?
214
Calculate the remainder when 77038 is divided by 12814.
154
Calculate the remainder when 7683 is divided by 6847.
836
Calculate the remainder when 725091 is divided by 362193.
705
What is the remainder when 4089225 is divided by 454358?
3
What is the remainder when 628248 is divided by 8450?
2948
Calculate the remainder when 1645940 is divided by 5177.
4831
Calculate the remainder when 16706461 is divided by 8353215.
31
What is the remainder when 24910291 is divided by 73?
63
What is the remainder when 346054507 is divided by 6921090?
7
Calculate the remainder when 3153752 is divided by 126150.
2
What is the remainder when 555854 is divided by 199?
47
What is the remainder when 21113968 is divided by 52?
44
What is the remainder when 2227323 is divided by 72?
3
Calculate the remainder when 348654 is divided by 347868.
786
Calculate the remainder when 16253830 is divided by 43.
2
What is the remainder when 1335404 is divided by 244?
236
What is the remainder when 272918 is divided by 136436?
46
What is the remainder when 22321368 is divided by 3981?
3882
What is the remainder when 916668759 is divided by 62?
61
Calculate the remainder when 22101975 is divided by 892.
891
Calculate the remainder when 263846 is divided by 1648.
166
What is the remainder when 1912843 is divided by 1333?
1321
Calculate the remainder when 33196 is divided by 292.
200
Calculate the remainder when 75000 is divided by 37489.
22
What is the remainder when 11780703 is divided by 5890351?
1
Calculate the remainder when 257800 is divided by 242.
70
Calculate the remainder when 110329 is divided by 44.
21
Calculate the remainder when 414946265 is divided by 7018.
7015
What is the remainder when 5989938 is divided by 110?
108
Calculate the remainder when 1889709 is divided by 22231.
74
Calculate the remainder when 90811891 is divided by 49.
44
Calculate the remainder when 67388 is divided by 16.
12
What is the remainder when 7597703 is divided by 3845?
3828
Calculate the remainder when 156120871 is divided by 602.
599
What is the remainder when 774934 is divided by 1258?
6
Calculate the remainder when 16921069 is divided by 797.
759
What is the remainder when 26097454 is divided by 3199?
12
Calculate the remainder when 295933 is divided by 187.
99
Calculate the remainder when 18140226 is divided by 1425.
1401
What is the remainder when 793812392 is divided by 99?
98
Calculate the remainder when 1815088 is divided by 173.
145
Calculate the remainder when 1815580 is divided by 11002.
250
Calculate the remainder when 823069 is divided by 99.
82
Calculate the remainder when 13812633 is divided by 187.
65
What is the remainder when 29583811 is divided by 8750?
61
What is the remainder when 1008229 is divided by 45828?
13
Calculate the remainder when 8144491 is divided by 545.
11
What is the remainder when 349240 is divided by 174303?
634
Calculate the remainder when 85659 is divided by 1142.
9
What is the remainder when 47486275 is divided by 5724?
5695
What is the remainder when 14188488 is divided by 3?
0
Calculate the remainder when 16128227 is divided by 6834.
6821
What is the remainder when 84610 is divided by 100?
10
What is the remainder when 83574 is divided by 1173?
291
What is the remainder when 4724143 is divided by 7?
4
Calculate the remainder when 1227588 is divided 